Suppose -12 = -5*t + 3. Suppose -h - 4 = t*h - 2*i, 0 = -5*h - 4*i + 8. Let x be (-8)/(-1)*(h - -1). What is the greatest common factor of 2 and x?
2
Let w(m) be the third derivative of m**5/6 + m**4/24 - m**3/6 - 2*m**2. Suppose -1 = -3*r + 2*r. Let d be w(r). What is the greatest common divisor of 15 and d?
5
Let r = -2 + 4. Let f(b) = -b**3 + 7*b**2 + b - 7. Let x be f(7). Suppose x*m = -2*m + 24. Calculate the greatest common divisor of m and r.
2
Let c = -173 + 267. Let x = c + -58. Calculate the highest common factor of x and 4.
4
Let j = 44 - 25. What is the highest common divisor of j and 209?
19
Let i be (-1302)/(-27) - (-8)/(-36). What is the highest common factor of 120 and i?
24
Suppose -9 = -3*m + 3. Let w(p) = -322*p. Let i be w(1). Let f be (-4)/20 - i/10. What is the highest common factor of m and f?
4
Let c be -16 - 1/4*0. Let u = 20 + c. What is the greatest common factor of u and 20?
4
Let o be 8/44 - 26/22. Let j be (o + 2)*-2 + 47. What is the greatest common divisor of j and 30?
15
Let k = 61 + -39. Calculate the greatest common factor of k and 33.
11
Let r(v) = 104*v**2 + v. Let o be r(-1). Let m = o - -282. Suppose -7*l + m = -2*l. What is the greatest common divisor of l and 11?
11
Suppose r - 4*v = 4, -2*v + 20 = 5*r - 4*v. Let y be (-6)/21 - 37/(-7). Suppose p = 2*o - 15, 5*o + y*p - p = 44. What is the highest common divisor of r and o?
4
Suppose 0 = -t + 3*p + 19, -4*p - 40 = -5*t - 0*p. Let h = t - -1. Calculate the greatest common factor of h and 40.
5
Suppose -53 = 3*i - 2*f, -i + 2*f + 3*f = 35. Let d be -2 - 1 - i*2. Calculate the highest common divisor of d and 216.
27
Let z = -37 + 55. Calculate the highest common factor of z and 18.
18
Let l = 24 + 64. Calculate the greatest common divisor of 11 and l.
11
Let x be (45/12)/(9/36). What is the greatest common factor of 20 and x?
5
Suppose -2*o + 12 = -2*y, -2*o + 4*y - 3*y + 8 = 0. Let v be ((-6)/(-4) - o)*-16. Calculate the highest common divisor of 64 and v.
8
Let y = 2 - 6. Let p = y - -7. Let k(m) = m**3 + 4*m**2 - 4*m. Let h be k(p). What is the greatest common factor of 34 and h?
17
Let f be (-214)/(-6) - (-1)/3. Let c be ((-8)/6 - -2)*6. What is the greatest common factor of f and c?
4
Suppose 5*q = -22 + 682. What is the highest common factor of q and 12?
12
Suppose -10 + 30 = 2*w. Let t(p) = 4*p**2 - 2*p. Let z(i) = i**3 + 4*i**2 - 4. Let d be z(-3). Let n be t(d). What is the highest common divisor of w and n?
10
Let q = 5 - -22. Suppose -q = -4*j + 9. What is the greatest common factor of j and 81?
9
Let h = 62 - 35. Let j = h - 15. Calculate the greatest common factor of 4 and j.
4
Let f(k) = k**3 + 4*k**2 - k + 9. Let n be f(4). Calculate the greatest common divisor of n and 19.
19
Let s = 81 + -72. Calculate the greatest common factor of s and 99.
9
Let v(c) = -4*c - 23 + c**2 + 23 + 3*c + 31. Let y be v(0). What is the highest common factor of y and 31?
31
Let p(b) = 11*b - 8. Let t be p(8). Calculate the highest common divisor of 16 and t.
16
Let m be 2*((15 - 6) + 0). Let d(f) = 4*f**2 - 1. Let j be d(-4). Let r = 108 - j. What is the highest common factor of m and r?
9
Let j = 28 + -18. Calculate the highest common divisor of 80 and j.
10
Let p = 48 + 24. Calculate the greatest common factor of p and 18.
18
Let y(p) = -p**3 + 5*p + 1. Let n be y(-4). Suppose u - 36 = r + 2*r, -r = -5*u + 152. Calculate the highest common factor of n and u.
15
Let z = 3 - 0. Let j(m) = 5 - z - m + 3. Let y be j(0). What is the highest common factor of 5 and y?
5
Let s(j) = -13*j + 32. Let c be s(-10). What is the highest common factor of 18 and c?
18
Let y = 11 - 4. Let o(c) = -3*c - 8. Let x be o(-3). What is the highest common factor of x and y?
1
Suppose -2*b - 2*b = -3*x - 628, 4*b = -2*x + 648. Calculate the greatest common divisor of b and 20.
20
Let n = 0 + -2. Let x be (-3 - -4) + (-2)/n. Let i be (x + -5)/(-6)*10. Calculate the greatest common divisor of i and 25.
5
Let c = 13 - -5. What is the greatest common divisor of c and 12?
6
Let x(d) = -15*d + 1. Let p be x(-6). Let h = 67 - 54. What is the highest common divisor of p and h?
13
Let o(g) = -g - 18 + 14 + 2*g. Let w be o(6). What is the greatest common factor of 22 and w?
2
Let d = 364 - 219. Calculate the highest common divisor of d and 58.
29
Let m = -24 - -33. Suppose 18 = 2*y - 0*y. What is the highest common divisor of y and m?
9
Suppose 2*i + 2 = 4*p, 0 = 5*p - 4*i + 3 - 4. Let u(m) = 17*m**2 + m. Let x be u(1). Let v = 29 - x. What is the highest common factor of p and v?
1
Let n(t) = 5*t + 2*t - 2*t. Let l = -6 + 10. Let p be n(l). What is the highest common divisor of 220 and p?
20
Suppose 33*k - 31*k - 60 = 0. Suppose -17 = 3*a + 13. Let m = a - -25. What is the greatest common factor of k and m?
15
Let l be (-4)/6 + (-10)/(-6). Let v be 4/(-12) + l/3. Suppose v = -4*a + 67 + 125. What is the highest common factor of a and 12?
12
Let y be 4/2 - (-176)/2. What is the highest common factor of y and 10?
10
Let w be (-1 - 0) + 2 + 1. Let u = -8 + w. Let h = 10 + u. What is the greatest common divisor of 44 and h?
4
Let i be -3 + 62/(4 + -2). Let w = -16 + i. What is the highest common factor of 3 and w?
3
Let j be (9/6)/(((-45)/24)/(-5)). Calculate the highest common divisor of j and 14.
2
Let w = 4 + 28. What is the greatest common factor of 224 and w?
32
Suppose 69 + 129 = 2*d. Let y(x) = -2*x - 1. Let h be y(-5). Calculate the greatest common divisor of d and h.
9
Suppose 3*q + d = -2 + 16, -d - 1 = 0. Suppose -3*v = -q - 7. What is the highest common factor of v and 20?
4
Let g be -2 + (-2)/(-2) + 16. Suppose -5*m = -9*m + 20. Suppose m*s - 4*t = 68 - 22, 5*s - 47 = 3*t. What is the greatest common factor of g and s?
5
Let p be 2/(6/819) + -1. Suppose 1 + 4 = s. Suppose 107 = -s*b + p. Calculate the highest common factor of 3 and b.
3
Let b = 47 - 26. What is the greatest common factor of 21 and b?
21
Let t be 20 - 14 - (1 - 0). What is the greatest common factor of t and 40?
5
Suppose -5*q + 300 = 3*j, 0*j - 5*j + 2*q = -469. What is the greatest common divisor of j and 19?
19
Let q(a) = a**3 + 7*a**2 + 6. Let s be q(-6). Suppose 0 = 4*k + 5*w - 168, k - s = -3*w + 2*w. Calculate the highest common factor of k and 63.
21
Let v be -1*(-3)/(2 - (-75)/(-42)). Let k(t) = -2*t**3 + 2*t**2 + t + 1. Let y be k(-3). Calculate the highest common factor of v and y.
14
Let x = -4 - -8. Suppose 20 = 4*o + 4*t, 5*o - x*t = 7 + 54. What is the greatest common factor of o and 3?
3
Suppose -3*d + u = -166, d - 42 = -0*u + 3*u. Suppose -2*g = -0*x + 3*x - 64, -2*g + 4*x = -92. Calculate the greatest common divisor of d and g.
19
Suppose 4*u = -w + 1056, -2*w + w = -3*u + 792. What is the highest common divisor of 12 and u?
12
Let o = 2 - 5. Let i be (-1 - (-39 + o)) + -1. Let k = 7 - -9. What is the highest common divisor of i and k?
8
Let i = 13 - -7. Let t be 2/(-5) + 328/i. What is the greatest common factor of 32 and t?
16
Let s = -13 + 12. Suppose -5*p = 2*o + 24, 36 = 2*o - 5*o + 2*p. Let g be o/(-4)*(0 - s). Calculate the greatest common factor of g and 3.
3
Let q be (-3)/(-15) - (-122)/(-10). Let a be q - 0*(-1)/2. Let y be 68/6 - (-4)/a. What is the highest common factor of 121 and y?
11
Suppose 2*o - 49 = 347. Suppose -4*s = -7*s + o. What is the highest common divisor of s and 22?
22
Let d = 7 - -12. Let o(t) = 3*t - 4. Let k be o(3). Suppose -d = -k*z + 1. What is the greatest common factor of 4 and z?
4
Let f(j) = -4*j**3 - 2*j**2 + 3*j + 2. Let x be f(-2). Let n be (2 + 21/6)*x. What is the greatest common divisor of n and 44?
22
Suppose -l - 28 = -26. Let u(s) = -29*s**3 + s**2 - 2*s. Let z be u(l). Calculate the highest common divisor of z and 30.
30
Let c be ((-4)/3)/(2/(-9)). Let n(r) = r**3 - 3*r**2 - 2*r + 1. Let p be n(-2). Let m be (-4)/10 + (-366)/p. What is the greatest common divisor of m and c?
6
Suppose -q - 3*k + 8*k = -39, -2*q + 3*k = -57. Calculate the greatest common divisor of 16 and q.
8
Suppose -9*s + 144 = -3*s. What is the greatest common factor of 48 and s?
24
Suppose 5*o - 118 = 3*t - 0*t, 0 = 2*o + 4*t - 68. Calculate the highest common divisor of o and 13.
13
Suppose 3*n + b + 204 = -110, 3*n - 5*b + 302 = 0. Let m = 224 + n. Calculate the highest common 